{"id":6721,"date":"2026-03-27T10:25:23","date_gmt":"2026-03-27T08:25:23","guid":{"rendered":"https:\/\/immersiumstudio.com\/?post_type=project&#038;p=6721"},"modified":"2026-03-27T10:27:30","modified_gmt":"2026-03-27T08:27:30","slug":"projecte-clariah-cat","status":"publish","type":"project","link":"https:\/\/immersiumstudio.com\/ca\/projects\/projecte-clariah-cat\/","title":{"rendered":"Projecte CLARIAH-CAT"},"content":{"rendered":"\n<p><strong><a href=\"https:\/\/clariah.cat\/\">CLARIAH-CAT <\/a><\/strong>\u00e9s una xarxa que agrupa universitats, centres de recerca i institucions culturals per impulsar les humanitats digitals a Catalunya. La xarxa promou l\u2019\u00fas de dades, eines digitals i noves metodologies per estudiar llengua, literatura, hist\u00f2ria i patrimoni cultural i treballa per facilitar la col\u00b7laboraci\u00f3 entre investigadors, institucions i societat.<\/p>\n\n\n\n<div style=\"height:27px\" aria-hidden=\"true\" class=\"wp-block-spacer\"><\/div>\n\n\n\n<figure class=\"wp-block-image size-full\"><img loading=\"lazy\" decoding=\"async\" width=\"600\" height=\"143\" src=\"https:\/\/immersiumstudio.com\/wp-content\/uploads\/2026\/03\/logo-clariah-cat.png\" alt=\"\" class=\"wp-image-6724\" srcset=\"https:\/\/immersiumstudio.com\/wp-content\/uploads\/2026\/03\/logo-clariah-cat.png 600w, https:\/\/immersiumstudio.com\/wp-content\/uploads\/2026\/03\/logo-clariah-cat-300x72.png 300w\" sizes=\"auto, (max-width: 600px) 100vw, 600px\" \/><\/figure>\n\n\n\n<div style=\"height:25px\" aria-hidden=\"true\" class=\"wp-block-spacer\"><\/div>\n\n\n\n<p><strong>CLARIAH-CAT<\/strong>&nbsp;s\u2019inspira i s\u2019articula com a node catal\u00e0 de les infraestructures europees&nbsp;<strong><a href=\"https:\/\/www.clarin.eu\/\">CLARIN<\/a><\/strong>&nbsp;i&nbsp;<strong><a href=\"https:\/\/www.dariah.eu\/\">DARIAH<\/a><\/strong>, dos referents internacionals en l\u2019\u00e0mbit de les humanitats digitals. <strong>CLARIAH-CAT<\/strong>&nbsp;forma part tamb\u00e9 de la infraestructura estatal <a href=\"https:\/\/www.clariah.es\/\"><strong>CLARIAH-ES<\/strong><\/a>, que integra els nodes espanyols de les xarxes europees CLARIN i DARIAH. Ambd\u00f3s projectes treballen alineats en els objectius de desenvolupament.<\/p>\n\n\n\n<figure class=\"wp-block-gallery has-nested-images columns-default is-cropped wp-block-gallery-1 is-layout-flex wp-block-gallery-is-layout-flex\">\n<figure class=\"wp-block-image size-large\"><img loading=\"lazy\" decoding=\"async\" width=\"1024\" height=\"138\" data-id=\"6733\" src=\"https:\/\/immersiumstudio.com\/wp-content\/uploads\/2026\/03\/twitter-1024x138.png\" alt=\"\" class=\"wp-image-6733\" srcset=\"https:\/\/immersiumstudio.com\/wp-content\/uploads\/2026\/03\/twitter-1024x138.png 1024w, https:\/\/immersiumstudio.com\/wp-content\/uploads\/2026\/03\/twitter-300x40.png 300w, https:\/\/immersiumstudio.com\/wp-content\/uploads\/2026\/03\/twitter-768x103.png 768w, https:\/\/immersiumstudio.com\/wp-content\/uploads\/2026\/03\/twitter-1536x206.png 1536w, https:\/\/immersiumstudio.com\/wp-content\/uploads\/2026\/03\/twitter.png 1586w\" sizes=\"auto, (max-width: 1024px) 100vw, 1024px\" \/><\/figure>\n<\/figure>\n\n\n\n<div style=\"height:49px\" aria-hidden=\"true\" class=\"wp-block-spacer\"><\/div>\n\n\n\n<p>El projecte <strong>CLARIAH<\/strong> t\u00e9 com a finalitat constituir una\u00a0<strong>xarxa catalana multidisciplinar dedicada a les humanitats digitals<\/strong>, amb l\u2019objectiu de coordinar i impulsar la valoritzaci\u00f3 i la transfer\u00e8ncia dels resultats de la recerca a tota la societat.<\/p>\n\n\n\n<p>L&#8217;ecosistema CALRIAH-CAT connecta tres comunitats clau:<\/p>\n\n\n\n<ul class=\"wp-block-list\">\n<li><strong>Recerca<\/strong>: Grups d&#8217;investigaci\u00f3 en humanitats digitals<\/li>\n<\/ul>\n\n\n\n<ul class=\"wp-block-list\">\n<li><strong>Institucions culturals<\/strong>: Museus, biblioteques i arxius<\/li>\n<\/ul>\n\n\n\n<ul class=\"wp-block-list\">\n<li><strong>Tecnologia<\/strong>: Eines digitals, dades i infraestructures de recerca<\/li>\n<\/ul>\n\n\n\n<div style=\"height:35px\" aria-hidden=\"true\" class=\"wp-block-spacer\"><\/div>\n\n\n\n<p>A <strong>Immersium Studio<\/strong> estem implicats en la secci\u00f3 de tecnologia, on aportarem a la cominutat els nostres coneixements en tecnologies immersives com la <strong>Realitat Virtual<\/strong> i la <strong>Realitat Augmentada<\/strong>. Tenim amplis coneixements en el desenvolupament d&#8217;aquestes tecnologies en entorns formatius i corporatius. Les nostres experi\u00e8ncies d&#8217;aprenentatge immersiu s\u00f3n utilitzades en universitats com la Universitat de Barcelona, la Universitat Pompeu Fabra, la Universitat Oberta de Catalunya, en institucions internacionals com Nacions Unides, Metges Sense Fronteres, el Institut de Donaci\u00f3 i trasplantament d&#8217;\u00f2rgans, etc., i en institucions locals com la Generalitat de Catalunya i diversos Serveis Locals d&#8217;Ocupaci\u00f3.<\/p>\n\n\n\n<div style=\"height:32px\" aria-hidden=\"true\" class=\"wp-block-spacer\"><\/div>\n\n\n\n<h2 class=\"wp-block-heading\">Kick off meeting<\/h2>\n\n\n\n<p>El dijous 26 de mar\u00e7 de 2026 va tenir lloc el primer meeting del projecte, on vam tenir el plaer de participar. <\/p>\n\n\n\n<figure class=\"wp-block-gallery has-nested-images columns-default is-cropped wp-block-gallery-2 is-layout-flex wp-block-gallery-is-layout-flex\">\n<figure class=\"wp-block-image size-large\"><img loading=\"lazy\" decoding=\"async\" width=\"749\" height=\"1024\" data-id=\"6743\" src=\"https:\/\/immersiumstudio.com\/wp-content\/uploads\/2026\/03\/img-20260326-120454-copia-749x1024.jpg\" alt=\"\" class=\"wp-image-6743\" srcset=\"https:\/\/immersiumstudio.com\/wp-content\/uploads\/2026\/03\/img-20260326-120454-copia-749x1024.jpg 749w, https:\/\/immersiumstudio.com\/wp-content\/uploads\/2026\/03\/img-20260326-120454-copia-220x300.jpg 220w, https:\/\/immersiumstudio.com\/wp-content\/uploads\/2026\/03\/img-20260326-120454-copia-768x1050.jpg 768w, https:\/\/immersiumstudio.com\/wp-content\/uploads\/2026\/03\/img-20260326-120454-copia-1124x1536.jpg 1124w, https:\/\/immersiumstudio.com\/wp-content\/uploads\/2026\/03\/img-20260326-120454-copia.jpg 1405w\" sizes=\"auto, (max-width: 749px) 100vw, 749px\" \/><\/figure>\n\n\n\n<figure class=\"wp-block-image size-large\"><img loading=\"lazy\" decoding=\"async\" width=\"737\" height=\"1024\" data-id=\"6746\" src=\"https:\/\/immersiumstudio.com\/wp-content\/uploads\/2026\/03\/img-20260326-120518-copia-737x1024.jpg\" alt=\"\" class=\"wp-image-6746\" srcset=\"https:\/\/immersiumstudio.com\/wp-content\/uploads\/2026\/03\/img-20260326-120518-copia-737x1024.jpg 737w, https:\/\/immersiumstudio.com\/wp-content\/uploads\/2026\/03\/img-20260326-120518-copia-216x300.jpg 216w, https:\/\/immersiumstudio.com\/wp-content\/uploads\/2026\/03\/img-20260326-120518-copia-768x1068.jpg 768w, https:\/\/immersiumstudio.com\/wp-content\/uploads\/2026\/03\/img-20260326-120518-copia-1105x1536.jpg 1105w, https:\/\/immersiumstudio.com\/wp-content\/uploads\/2026\/03\/img-20260326-120518-copia.jpg 1381w\" sizes=\"auto, (max-width: 737px) 100vw, 737px\" \/><\/figure>\n<\/figure>\n\n\n\n<figure class=\"wp-block-image size-large\"><img loading=\"lazy\" decoding=\"async\" width=\"1024\" height=\"531\" src=\"https:\/\/immersiumstudio.com\/wp-content\/uploads\/2026\/03\/kick-off-1024x531.jpg\" alt=\"\" class=\"wp-image-6749\" srcset=\"https:\/\/immersiumstudio.com\/wp-content\/uploads\/2026\/03\/kick-off-1024x531.jpg 1024w, https:\/\/immersiumstudio.com\/wp-content\/uploads\/2026\/03\/kick-off-300x156.jpg 300w, https:\/\/immersiumstudio.com\/wp-content\/uploads\/2026\/03\/kick-off-768x398.jpg 768w, https:\/\/immersiumstudio.com\/wp-content\/uploads\/2026\/03\/kick-off-1536x797.jpg 1536w, https:\/\/immersiumstudio.com\/wp-content\/uploads\/2026\/03\/kick-off.jpg 1600w\" sizes=\"auto, (max-width: 1024px) 100vw, 1024px\" \/><\/figure>\n\n\n\n<div style=\"height:32px\" aria-hidden=\"true\" class=\"wp-block-spacer\"><\/div>\n\n\n\n<p>En aquest primer meeting es van definir els objectius principals de la xarxa, que s\u00f3n:<\/p>\n\n\n\n<ul class=\"wp-block-list\">\n<li>Valoraci\u00f3 dels elements culturals i human\u00edstics per la societat actual<\/li>\n<\/ul>\n\n\n\n<ul class=\"wp-block-list\">\n<li>Impulsar el desenvolupament i l&#8217;impacte de la recerca catalana en Humanitats digitals<\/li>\n<\/ul>\n\n\n\n<ul class=\"wp-block-list\">\n<li>Desenvolupament d&#8217;infraestructura i interoperabilitat<br><\/li>\n<\/ul>\n\n\n\n<figure class=\"wp-block-gallery has-nested-images columns-default is-cropped wp-block-gallery-3 is-layout-flex wp-block-gallery-is-layout-flex\">\n<figure class=\"wp-block-image size-large\"><img loading=\"lazy\" decoding=\"async\" width=\"1024\" height=\"743\" data-id=\"6740\" src=\"https:\/\/immersiumstudio.com\/wp-content\/uploads\/2026\/03\/pxl-20260326-120818322-copia-1024x743.jpg\" alt=\"\" class=\"wp-image-6740\" srcset=\"https:\/\/immersiumstudio.com\/wp-content\/uploads\/2026\/03\/pxl-20260326-120818322-copia-1024x743.jpg 1024w, https:\/\/immersiumstudio.com\/wp-content\/uploads\/2026\/03\/pxl-20260326-120818322-copia-300x218.jpg 300w, https:\/\/immersiumstudio.com\/wp-content\/uploads\/2026\/03\/pxl-20260326-120818322-copia-768x558.jpg 768w, https:\/\/immersiumstudio.com\/wp-content\/uploads\/2026\/03\/pxl-20260326-120818322-copia-1536x1115.jpg 1536w, https:\/\/immersiumstudio.com\/wp-content\/uploads\/2026\/03\/pxl-20260326-120818322-copia.jpg 1920w\" sizes=\"auto, (max-width: 1024px) 100vw, 1024px\" \/><\/figure>\n\n\n\n<figure class=\"wp-block-image size-large\"><img loading=\"lazy\" decoding=\"async\" width=\"1024\" height=\"754\" data-id=\"6737\" src=\"https:\/\/immersiumstudio.com\/wp-content\/uploads\/2026\/03\/pxl-20260326-120636439-copia-1024x754.jpg\" alt=\"\" class=\"wp-image-6737\" srcset=\"https:\/\/immersiumstudio.com\/wp-content\/uploads\/2026\/03\/pxl-20260326-120636439-copia-1024x754.jpg 1024w, https:\/\/immersiumstudio.com\/wp-content\/uploads\/2026\/03\/pxl-20260326-120636439-copia-300x221.jpg 300w, https:\/\/immersiumstudio.com\/wp-content\/uploads\/2026\/03\/pxl-20260326-120636439-copia-768x565.jpg 768w, https:\/\/immersiumstudio.com\/wp-content\/uploads\/2026\/03\/pxl-20260326-120636439-copia-1536x1130.jpg 1536w, https:\/\/immersiumstudio.com\/wp-content\/uploads\/2026\/03\/pxl-20260326-120636439-copia.jpg 1920w\" sizes=\"auto, (max-width: 1024px) 100vw, 1024px\" \/><\/figure>\n<\/figure>\n\n\n\n<div style=\"height:39px\" aria-hidden=\"true\" class=\"wp-block-spacer\"><\/div>\n\n\n\n<p>Tamb\u00e9 es van definir les quatre actuacions principals del programa:<\/p>\n\n\n\n<ul class=\"wp-block-list\">\n<li>Plataforma oberta per a la recerca i la innovaci\u00f3<\/li>\n<\/ul>\n\n\n\n<ul class=\"wp-block-list\">\n<li>Accions d&#8217;innovaci\u00f3 obertes i participatives<\/li>\n<\/ul>\n\n\n\n<ul class=\"wp-block-list\">\n<li>Activitats de valoritzaci\u00f3 i transfer\u00e8ncia<\/li>\n<\/ul>\n\n\n\n<ul class=\"wp-block-list\">\n<li>Pla de formaci\u00f3 en Humanitats Digitals<\/li>\n<\/ul>\n\n\n\n<div style=\"height:44px\" aria-hidden=\"true\" class=\"wp-block-spacer\"><\/div>\n\n\n\n<p>En reunions posteriors es decidir\u00e0 quines seran les actuacions de cadascun dels membres de la comunitat amb l&#8217;objectiu compartit de posar la recerca al servei de tothom i facilitar l&#8217;impacte en tot l&#8217;ecosistema.<\/p>\n\n\n\n<div style=\"height:100px\" aria-hidden=\"true\" class=\"wp-block-spacer\"><\/div>\n\n\n\n<h5 class=\"wp-block-heading\">A Immersium Studio som experts en Aprenentatge Immersiu. Contacta amb nosaltres per descobrir la soluci\u00f3 immersiva que millor s\u2019adapta a les teves necessitats.<\/h5>\n\n\n\n<h5 class=\"wp-block-heading\"><a href=\"mailto:info@immersiumstudio.com\">info@immersiumstudio.com<\/a><\/h5>\n\n\n\n<div style=\"height:100px\" aria-hidden=\"true\" class=\"wp-block-spacer\"><\/div>\n","protected":false},"template":"","project-category":[],"project-customer":[],"project-sector":[38,39],"class_list":["post-6721","project","type-project","status-publish","has-post-thumbnail","hentry","project-sector-cultura-2","project-sector-educacio"],"_links":{"self":[{"href":"https:\/\/immersiumstudio.com\/ca\/wp-json\/wp\/v2\/project\/6721","targetHints":{"allow":["GET"]}}],"collection":[{"href":"https:\/\/immersiumstudio.com\/ca\/wp-json\/wp\/v2\/project"}],"about":[{"href":"https:\/\/immersiumstudio.com\/ca\/wp-json\/wp\/v2\/types\/project"}],"wp:featuredmedia":[{"embeddable":true,"href":"https:\/\/immersiumstudio.com\/ca\/wp-json\/wp\/v2\/media\/6755"}],"wp:attachment":[{"href":"https:\/\/immersiumstudio.com\/ca\/wp-json\/wp\/v2\/media?parent=6721"}],"wp:term":[{"taxonomy":"project-category","embeddable":true,"href":"https:\/\/immersiumstudio.com\/ca\/wp-json\/wp\/v2\/project-category?post=6721"},{"taxonomy":"project-customer","embeddable":true,"href":"https:\/\/immersiumstudio.com\/ca\/wp-json\/wp\/v2\/project-customer?post=6721"},{"taxonomy":"project-sector","embeddable":true,"href":"https:\/\/immersiumstudio.com\/ca\/wp-json\/wp\/v2\/project-sector?post=6721"}],"curies":[{"name":"wp","href":"https:\/\/api.w.org\/{rel}","templated":true}]}}

<p><strong><a href="https://clariah.cat/">CLARIAH-CAT </a></strong>és una xarxa que agrupa universitats, centres de recerca i institucions culturals per impulsar les humanitats digitals a Catalunya. La xarxa promou l’ús de dades, eines digitals i noves metodologies per estudiar llengua, literatura, història i patrimoni cultural i treballa per facilitar la col·laboració entre investigadors, institucions i societat.</p>



<div style="height:27px" aria-hidden="true" class="wp-block-spacer"></div>



<figure class="wp-block-image size-full"><img loading="lazy" decoding="async" width="600" height="143" src="https://immersiumstudio.com/wp-content/uploads/2026/03/logo-clariah-cat.png" alt="" class="wp-image-6724" srcset="https://immersiumstudio.com/wp-content/uploads/2026/03/logo-clariah-cat.png 600w, https://immersiumstudio.com/wp-content/uploads/2026/03/logo-clariah-cat-300x72.png 300w" sizes="auto, (max-width: 600px) 100vw, 600px" /></figure>



<div style="height:25px" aria-hidden="true" class="wp-block-spacer"></div>



<p><strong>CLARIAH-CAT</strong>&nbsp;s’inspira i s’articula com a node català de les infraestructures europees&nbsp;<strong><a href="https://www.clarin.eu/">CLARIN</a></strong>&nbsp;i&nbsp;<strong><a href="https://www.dariah.eu/">DARIAH</a></strong>, dos referents internacionals en l’àmbit de les humanitats digitals. <strong>CLARIAH-CAT</strong>&nbsp;forma part també de la infraestructura estatal <a href="https://www.clariah.es/"><strong>CLARIAH-ES</strong></a>, que integra els nodes espanyols de les xarxes europees CLARIN i DARIAH. Ambdós projectes treballen alineats en els objectius de desenvolupament.</p>



<figure class="wp-block-gallery has-nested-images columns-default is-cropped wp-block-gallery-1 is-layout-flex wp-block-gallery-is-layout-flex">
<figure class="wp-block-image size-large"><img loading="lazy" decoding="async" width="1024" height="138" data-id="6733" src="https://immersiumstudio.com/wp-content/uploads/2026/03/twitter-1024x138.png" alt="" class="wp-image-6733" srcset="https://immersiumstudio.com/wp-content/uploads/2026/03/twitter-1024x138.png 1024w, https://immersiumstudio.com/wp-content/uploads/2026/03/twitter-300x40.png 300w, https://immersiumstudio.com/wp-content/uploads/2026/03/twitter-768x103.png 768w, https://immersiumstudio.com/wp-content/uploads/2026/03/twitter-1536x206.png 1536w, https://immersiumstudio.com/wp-content/uploads/2026/03/twitter.png 1586w" sizes="auto, (max-width: 1024px) 100vw, 1024px" /></figure>
</figure>



<div style="height:49px" aria-hidden="true" class="wp-block-spacer"></div>



<p>El projecte <strong>CLARIAH</strong> té com a finalitat constituir una <strong>xarxa catalana multidisciplinar dedicada a les humanitats digitals</strong>, amb l’objectiu de coordinar i impulsar la valorització i la transferència dels resultats de la recerca a tota la societat.</p>



<p>L&#8217;ecosistema CALRIAH-CAT connecta tres comunitats clau:</p>



<ul class="wp-block-list">
<li><strong>Recerca</strong>: Grups d&#8217;investigació en humanitats digitals</li>
</ul>



<ul class="wp-block-list">
<li><strong>Institucions culturals</strong>: Museus, biblioteques i arxius</li>
</ul>



<ul class="wp-block-list">
<li><strong>Tecnologia</strong>: Eines digitals, dades i infraestructures de recerca</li>
</ul>



<div style="height:35px" aria-hidden="true" class="wp-block-spacer"></div>



<p>A <strong>Immersium Studio</strong> estem implicats en la secció de tecnologia, on aportarem a la cominutat els nostres coneixements en tecnologies immersives com la <strong>Realitat Virtual</strong> i la <strong>Realitat Augmentada</strong>. Tenim amplis coneixements en el desenvolupament d&#8217;aquestes tecnologies en entorns formatius i corporatius. Les nostres experiències d&#8217;aprenentatge immersiu són utilitzades en universitats com la Universitat de Barcelona, la Universitat Pompeu Fabra, la Universitat Oberta de Catalunya, en institucions internacionals com Nacions Unides, Metges Sense Fronteres, el Institut de Donació i trasplantament d&#8217;òrgans, etc., i en institucions locals com la Generalitat de Catalunya i diversos Serveis Locals d&#8217;Ocupació.</p>



<div style="height:32px" aria-hidden="true" class="wp-block-spacer"></div>



<h2 class="wp-block-heading">Kick off meeting</h2>



<p>El dijous 26 de març de 2026 va tenir lloc el primer meeting del projecte, on vam tenir el plaer de participar. </p>



<figure class="wp-block-gallery has-nested-images columns-default is-cropped wp-block-gallery-2 is-layout-flex wp-block-gallery-is-layout-flex">
<figure class="wp-block-image size-large"><img loading="lazy" decoding="async" width="749" height="1024" data-id="6743" src="https://immersiumstudio.com/wp-content/uploads/2026/03/img-20260326-120454-copia-749x1024.jpg" alt="" class="wp-image-6743" srcset="https://immersiumstudio.com/wp-content/uploads/2026/03/img-20260326-120454-copia-749x1024.jpg 749w, https://immersiumstudio.com/wp-content/uploads/2026/03/img-20260326-120454-copia-220x300.jpg 220w, https://immersiumstudio.com/wp-content/uploads/2026/03/img-20260326-120454-copia-768x1050.jpg 768w, https://immersiumstudio.com/wp-content/uploads/2026/03/img-20260326-120454-copia-1124x1536.jpg 1124w, https://immersiumstudio.com/wp-content/uploads/2026/03/img-20260326-120454-copia.jpg 1405w" sizes="auto, (max-width: 749px) 100vw, 749px" /></figure>



<figure class="wp-block-image size-large"><img loading="lazy" decoding="async" width="737" height="1024" data-id="6746" src="https://immersiumstudio.com/wp-content/uploads/2026/03/img-20260326-120518-copia-737x1024.jpg" alt="" class="wp-image-6746" srcset="https://immersiumstudio.com/wp-content/uploads/2026/03/img-20260326-120518-copia-737x1024.jpg 737w, https://immersiumstudio.com/wp-content/uploads/2026/03/img-20260326-120518-copia-216x300.jpg 216w, https://immersiumstudio.com/wp-content/uploads/2026/03/img-20260326-120518-copia-768x1068.jpg 768w, https://immersiumstudio.com/wp-content/uploads/2026/03/img-20260326-120518-copia-1105x1536.jpg 1105w, https://immersiumstudio.com/wp-content/uploads/2026/03/img-20260326-120518-copia.jpg 1381w" sizes="auto, (max-width: 737px) 100vw, 737px" /></figure>
</figure>



<figure class="wp-block-image size-large"><img loading="lazy" decoding="async" width="1024" height="531" src="https://immersiumstudio.com/wp-content/uploads/2026/03/kick-off-1024x531.jpg" alt="" class="wp-image-6749" srcset="https://immersiumstudio.com/wp-content/uploads/2026/03/kick-off-1024x531.jpg 1024w, https://immersiumstudio.com/wp-content/uploads/2026/03/kick-off-300x156.jpg 300w, https://immersiumstudio.com/wp-content/uploads/2026/03/kick-off-768x398.jpg 768w, https://immersiumstudio.com/wp-content/uploads/2026/03/kick-off-1536x797.jpg 1536w, https://immersiumstudio.com/wp-content/uploads/2026/03/kick-off.jpg 1600w" sizes="auto, (max-width: 1024px) 100vw, 1024px" /></figure>



<div style="height:32px" aria-hidden="true" class="wp-block-spacer"></div>



<p>En aquest primer meeting es van definir els objectius principals de la xarxa, que són:</p>



<ul class="wp-block-list">
<li>Valoració dels elements culturals i humanístics per la societat actual</li>
</ul>



<ul class="wp-block-list">
<li>Impulsar el desenvolupament i l&#8217;impacte de la recerca catalana en Humanitats digitals</li>
</ul>



<ul class="wp-block-list">
<li>Desenvolupament d&#8217;infraestructura i interoperabilitat<br></li>
</ul>



<figure class="wp-block-gallery has-nested-images columns-default is-cropped wp-block-gallery-3 is-layout-flex wp-block-gallery-is-layout-flex">
<figure class="wp-block-image size-large"><img loading="lazy" decoding="async" width="1024" height="743" data-id="6740" src="https://immersiumstudio.com/wp-content/uploads/2026/03/pxl-20260326-120818322-copia-1024x743.jpg" alt="" class="wp-image-6740" srcset="https://immersiumstudio.com/wp-content/uploads/2026/03/pxl-20260326-120818322-copia-1024x743.jpg 1024w, https://immersiumstudio.com/wp-content/uploads/2026/03/pxl-20260326-120818322-copia-300x218.jpg 300w, https://immersiumstudio.com/wp-content/uploads/2026/03/pxl-20260326-120818322-copia-768x558.jpg 768w, https://immersiumstudio.com/wp-content/uploads/2026/03/pxl-20260326-120818322-copia-1536x1115.jpg 1536w, https://immersiumstudio.com/wp-content/uploads/2026/03/pxl-20260326-120818322-copia.jpg 1920w" sizes="auto, (max-width: 1024px) 100vw, 1024px" /></figure>



<figure class="wp-block-image size-large"><img loading="lazy" decoding="async" width="1024" height="754" data-id="6737" src="https://immersiumstudio.com/wp-content/uploads/2026/03/pxl-20260326-120636439-copia-1024x754.jpg" alt="" class="wp-image-6737" srcset="https://immersiumstudio.com/wp-content/uploads/2026/03/pxl-20260326-120636439-copia-1024x754.jpg 1024w, https://immersiumstudio.com/wp-content/uploads/2026/03/pxl-20260326-120636439-copia-300x221.jpg 300w, https://immersiumstudio.com/wp-content/uploads/2026/03/pxl-20260326-120636439-copia-768x565.jpg 768w, https://immersiumstudio.com/wp-content/uploads/2026/03/pxl-20260326-120636439-copia-1536x1130.jpg 1536w, https://immersiumstudio.com/wp-content/uploads/2026/03/pxl-20260326-120636439-copia.jpg 1920w" sizes="auto, (max-width: 1024px) 100vw, 1024px" /></figure>
</figure>



<div style="height:39px" aria-hidden="true" class="wp-block-spacer"></div>



<p>També es van definir les quatre actuacions principals del programa:</p>



<ul class="wp-block-list">
<li>Plataforma oberta per a la recerca i la innovació</li>
</ul>



<ul class="wp-block-list">
<li>Accions d&#8217;innovació obertes i participatives</li>
</ul>



<ul class="wp-block-list">
<li>Activitats de valorització i transferència</li>
</ul>



<ul class="wp-block-list">
<li>Pla de formació en Humanitats Digitals</li>
</ul>



<div style="height:44px" aria-hidden="true" class="wp-block-spacer"></div>



<p>En reunions posteriors es decidirà quines seran les actuacions de cadascun dels membres de la comunitat amb l&#8217;objectiu compartit de posar la recerca al servei de tothom i facilitar l&#8217;impacte en tot l&#8217;ecosistema.</p>



<div style="height:100px" aria-hidden="true" class="wp-block-spacer"></div>



<h5 class="wp-block-heading">A Immersium Studio som experts en Aprenentatge Immersiu. Contacta amb nosaltres per descobrir la solució immersiva que millor s’adapta a les teves necessitats.</h5>



<h5 class="wp-block-heading"><a href="mailto:info@immersiumstudio.com">info@immersiumstudio.com</a></h5>



<div style="height:100px" aria-hidden="true" class="wp-block-spacer"></div>
